 3*b - k - 9034 - 178 = 0. What are the prime factors of b?
3, 11, 31
Let m(d) = -d**3 - 16*d**2 + 3*d. Let s be m(-7). Let c = s + 1002. List the prime factors of c.
2, 3, 5
Suppose 323*m = 328*m. Suppose 0 = -m*h + 4*h - 1316. List the prime factors of h.
7, 47
Let n(s) = -26*s + 78. Let d be 4 + (3 - 3) + (-3 - 0). Let t(v) = -1. Let f(i) = d*n(i) + 78*t(i). List the prime factors of f(-7).
2, 7, 13
Let a(c) = -2*c**3 - 113*c**2 - 131*c + 345. What are the prime factors of a(-58)?
5, 3607
Let s = -5286 + 9884. Suppose 0 = -14*u + 3564 + s. List the prime factors of u.
11, 53
Let o(z) = 1987*z + 1024. List the prime factors of o(4).
2, 2243
Let a be 2*(-1)/(-6) - 1/3. Suppose -l + n + 74 = 0, -2*l + a*n + 120 = 5*n. Let m = -28 + l. List the prime factors of m.
2, 3, 7
Suppose 604524 = 51*c - 585000. What are the prime factors of c?
2, 7, 17
Let n = 147 - 143. What are the prime factors of (15/75*n)/((-1)/(-1690))?
2, 13
Let u(j) = 1533*j**2 + 14*j + 16. What are the prime factors of u(3)?
5, 17, 163
Let q = -54 - -59. Suppose 5*c - 540 = q*z, -2*z = 2*z - 20. Let d = c - 56. What are the prime factors of d?
3, 19
What are the prime factors of (-1453*12/(-60) - 2/5)*55?
11, 1451
Let h be (15/21*2)/(1/7). Suppose 39*v - 34*v = h. Suppose v*m - u - 410 - 11 = 0, 0 = -3*u + 9. List the prime factors of m.
2, 53
Let p(b) = -5*b**2 + 4*b + 12. Let l be p(-4). Let d be l/6 + 5 + (-1 - 0). Let h = d - -29. What are the prime factors of h?
19
Let p(n) = -n**3 + 6*n**2 - 3*n - 5. Let f be p(4). Let h(m) = m**3 + 13*m**2 - 51*m - 25. Let g be h(-16). Let u = g + f. List the prime factors of u.
2, 19
Suppose 0 = -109*x + 10*x + 891792. What are the prime factors of x?
2, 563
Suppose -n - l + 7157 = 0, 5*n - 17325 - 18516 = 3*l. What are the prime factors of n?
2, 3, 199
Suppose -6*b + 80 = -2*b. Let m(s) = 3*s - 27. What are the prime factors of m(b)?
3, 11
Let f = -452 + 452. What are the prime factors of f + -4 - (-977 + -1)?
2, 487
Suppose 66610 + 289626 = 29*q. List the prime factors of q.
2, 37, 83
Suppose -w + 2*r = r - 5, 5*r + 25 = 0. Suppose 5*k - 4 + 29 = w. What are the prime factors of ((-2)/4)/(k/1270)?
127
Suppose -55*d + 19*d + 901530 = -15*d. List the prime factors of d.
2, 3, 5, 53
Let v(b) = -5*b - 21. Let d(r) = -r + 1. Let m(q) = -2*d(q) + v(q). Suppose -h + 4*u - 35 = 0, -2*h - 4 - 36 = -2*u. List the prime factors of m(h).
2, 11
Let o(f) = -120*f - 79. Let k be o(-4). Let y = k - 253. List the prime factors of y.
2, 37
Let m be (-8)/(-28) + -1 + (-4028)/(-14). Let k = 865 - m. What are the prime factors of (-3)/2 - k/(-4)?
11, 13
Suppose 2*a - 3*x = -23 - 5, -30 = 2*a - 2*x. Let t = a - -20. Suppose -4*k - 4*q = -396, -t*k + 5*q + 281 = -0*k. List the prime factors of k.
97
Let q(y) = -161*y - 468. Let v be q(-3). Let f = -6 + 4. What are the prime factors of (f + -3)*((-156)/v - 0)?
2, 13
Let c(n) = n**2 - 2*n - 16. Let q be c(-6). Let r be q + (3 - 1) + 0. Let t = r + -5. List the prime factors of t.
29
Suppose 2*a - 2*n + 39 = -619, 333 = -a + 3*n. Let l = a + 565. List the prime factors of l.
2, 7, 17
Let u = 60889 + -28600. List the prime factors of u.
3, 47, 229
What are the prime factors of (-7 - -20757)/(-6*(48/18 + -3))?
5, 83
Suppose 36*t + 13596 = 69*t. Suppose 6*n - t = 200. List the prime factors of n.
2, 3, 17
Let x be 5*21246/30 + 3. Suppose x = 310*g - 306*g. List the prime factors of g.
2, 443
Suppose 138 = 4*h - 30. What are the prime factors of (-3)/((h/(-1124))/7)?
2, 281
Suppose -5*v - 8605 = 4*n, 2*n + 15*v = 13*v - 4304. Let g = 3884 + n. What are the prime factors of g?
7, 13, 19
Let a(m) = -m**2 - 5*m - 4. Let z be a(-3). Let n(y) = -y**3 - 12*y**2 + 64*y + 22. Let s be n(-16). Suppose -z*g = s - 38. List the prime factors of g.
2
Let k(j) = -242*j + 705. List the prime factors of k(-25).
5, 7, 193
Suppose -5*u + 4*t + 226 = 0, -3*u - 3*t = 2*t - 106. Let f = 379 + -376. Suppose 0 = f*i - 189 - u. List the prime factors of i.
7, 11
List the prime factors of (-100759)/(-5) - 1 - (555/(-25) + 21).
2, 11, 229
Let k(o) = 9*o**2 + o + 9. Let b be k(4). Let d = 16 - 12. Suppose d*r - 91 = b. List the prime factors of r.
2, 31
Let z = -126 - -129. Let t(b) = 3*b**2 + 3*b + 8. What are the prime factors of t(z)?
2, 11
List the prime factors of -2 - 24/(-14) - 18949992/(-1218).
2, 3, 2593
Suppose -l + 64530 = -12*p + 17*p, 4*p - 4*l = 51600. List the prime factors of p.
5, 29, 89
Let a(j) = -j**3 + 33*j**2 - 97*j + 81. What are the prime factors of a(29)?
2, 79
Let d(y) = -4*y**3 - 5*y**2 - 6*y - 4. Let a be d(-2). Let m = 12 + a. Suppose -n - 3*s = -36, 2*n - s - m = 33. What are the prime factors of n?
3, 11
Suppose -1488 = 11*x + x. Let r = x - -116. List the prime factors of (-154)/r - ((-6)/8 + 1).
19
Suppose 3*x - 5852 = 1495. Suppose 6*l - 563 = x. List the prime factors of l.
2, 251
Let j be 17601/(-51) + ((-12)/102)/(-1). Let w = 291 + -533. Let s = w - j. What are the prime factors of s?
103
Let h = 23925 + -15067. What are the prime factors of h?
2, 43, 103
Let s = -4098 - -4977. List the prime factors of s.
3, 293
Let c = -35 + 27. Let w be (-7 - (4 + c))*-3. Let v(k) = -2*k**3 + 21*k**2 - 14*k - 10. What are the prime factors of v(w)?
107
Let h(n) = -108*n - 109. Let k be h(-6). Suppose k + 291 = 2*b. What are the prime factors of b?
5, 83
What are the prime factors of 9786 - ((-72)/12 + -2)?
2, 59, 83
Let v(o) = -13*o**3 - o**2 - o + 4. Let b = -26 + 24. List the prime factors of v(b).
2, 53
Let q(o) = o**3 + o**2 - 2*o + 2. Let z be q(1). Let s be (-5)/5 + 2*z. Suppose 0*v - 135 = -s*v. List the prime factors of v.
3, 5
Suppose -144825 = -24*r - 90431 + 321806. List the prime factors of r.
3, 5, 11, 19
Let h be 2/(4/48*-1). Let m = h - -22. What are the prime factors of 1/m - 1757/(-14)?
5
Let d(p) = p**3 - 11*p**2 + 13*p + 14. Let m be d(15). Let r = -725 + m. List the prime factors of r.
2, 3
Let y be 11/3 - (-16)/(-24). Suppose r = 6 - y. Suppose -r*m = -5*m + 256. List the prime factors of m.
2
Suppose 3876 = -7*s + 42061. What are the prime factors of s?
5, 1091
Suppose 4*h + x = 94313, -2*h - 3*x = -43348 - 3811. List the prime factors of h.
2, 11789
Let f = 7415 - 2668. List the prime factors of f.
47, 101
Let x = 15347 + 39586. List the prime factors of x.
3, 18311
Let d(q) = 16*q**2 + 14*q + 3. Let c be d(-9). Suppose 9*v + 8*v - c = 0. List the prime factors of v.
3, 23
Suppose 18*v - 8*v = 9840. Suppose -17*h + 13*h = -v. What are the prime factors of h?
2, 3, 41
Let v(z) = 131*z**2 + 19*z - 81. List the prime factors of v(7).
3, 719
Suppose 9*j = 4308 + 4773. Suppose 0 = -3*l + 4*c + j, 65 = 4*l - c - 1276. List the prime factors of l.
5, 67
Suppose 4*f = -5*j + 25110, -f + 2150 + 2871 = j. List the prime factors of j.
2, 7, 359
Let w(n) = -n**2 - 24*n + 29. Suppose 12*i + 4*i + 384 = 0. List the prime factors of w(i).
29
Suppose 0 = -4*y + 8 + 40. Let m(q) be the third derivative of 13*q**4/24 + 3*q**3/2 - q**2 - 47. List the prime factors of m(y).
3, 5, 11
Let s(z) = -26*z**2 - 1871*z + 87. What are the prime factors of s(-62)?
5, 3229
What are the prime factors of (180/(-48))/((-4)/2576*1)?
3, 5, 7, 23
List the prime factors of (-270 - 56)/(1 - 43/41).
41, 163
Suppose -9*d = -16*d - 28. What are the prime factors of -3 + (-1961)/d - 42/(-56)?
2, 61
Suppose 0 = 2*a - 3*p - 261, -420 = -3*a + 20*p - 25*p. What are the prime factors of a?
3, 5
Let b(a) = -22*a + 6. Let z = -33 - -52. Suppose 5*o - z = 2*o - 5*k, -5*o - 3*k + 5 = 0. List the prime factors of b(o).
2, 5
Let x be 11 + 6/24*-4. Suppose -5*g + 145 = q, x*g - 11*g + 561 = 4*q. List the prime factors of q.
2, 5, 7
Let d = 839 + 470. Suppose 4*i + 777 = 3*q, -8*q + 13*q = 2*i + d. List the prime factors of q.
263
What are the prime factors of 6514 - (184/69)/(2/3)?
2, 3, 5, 7, 31
Suppose -4*m = w + 183, -3*m - 5*w - 110 - 40 = 0. Let x = -42 - m. List the prime factors of x*(-14)/(-15)*50.
2, 5, 7
Suppose -13*o + 11*o = -5*n - 30317, -n + 196960 = 13*o. What are the prime factors of o?
109, 139
Let a(z) = z**2 - 20*z - 2. Let m be a(16). Let x = 54 + m. Let b = 142 - x. List the prime factors of b.
2, 7, 11
Suppose o - 3*o + 54 = 0. Suppose w = 2*n + 67, 3*w - 196 = 19*n - 14*n. Let i = o + w. What are the prime factors of i